 remainder when 4584912 is divided by 42?
24
Calculate the remainder when 23016634 is divided by 118034.
4
Calculate the remainder when 822175 is divided by 852.
847
What is the remainder when 2748630 is divided by 8061?
7890
What is the remainder when 363858 is divided by 471?
246
What is the remainder when 21916499 is divided by 7560?
59
What is the remainder when 3505635 is divided by 4270?
4235
What is the remainder when 890816 is divided by 273?
17
What is the remainder when 793996 is divided by 196?
0
Calculate the remainder when 1068795 is divided by 9362.
1527
Calculate the remainder when 33683 is divided by 880.
243
What is the remainder when 7085743 is divided by 708574?
3
What is the remainder when 13238241 is divided by 529?
16
What is the remainder when 12107204 is divided by 157?
149
What is the remainder when 776867 is divided by 152?
147
Calculate the remainder when 118447 is divided by 36.
7
What is the remainder when 5275826 is divided by 675?
26
Calculate the remainder when 199431 is divided by 4122.
1575
What is the remainder when 404460 is divided by 180?
0
What is the remainder when 674191 is divided by 515?
56
What is the remainder when 89858094 is divided by 639?
636
Calculate the remainder when 112504 is divided by 1541.
11
What is the remainder when 302733 is divided by 4263?
60
What is the remainder when 51031 is divided by 1548?
1495
What is the remainder when 1159213 is divided by 389?
382
Calculate the remainder when 91445 is divided by 30434.
143
What is the remainder when 552176 is divided by 16234?
220
Calculate the remainder when 14460 is divided by 479.
90
Calculate the remainder when 8984376 is divided by 628.
208
Calculate the remainder when 218706 is divided by 400.
306
Calculate the remainder when 504472 is divided by 16.
8
Calculate the remainder when 544068 is divided by 26.
18
Calculate the remainder when 47462176 is divided by 78.
34
What is the remainder when 3430524 is divided by 5578?
54
What is the remainder when 3070684 is divided by 5484?
5128
What is the remainder when 96196 is divided by 3210?
3106
What is the remainder when 298690 is divided by 3128?
1530
Calculate the remainder when 314492 is divided by 13779.
11354
What is the remainder when 159781 is divided by 103?
28
What is the remainder when 44911 is divided by 14514?
1369
Calculate the remainder when 1443805 is divided by 180471.
37
Calculate the remainder when 825033 is divided by 2311.
6
Calculate the remainder when 805929 is divided by 7532.
5
Calculate the remainder when 1081296 is divided by 360359.
219
What is the remainder when 175504 is divided by 2371?
50
Calculate the remainder when 261687 is divided by 1504.
1495
Calculate the remainder when 133614 is divided by 2271.
1896
Calculate the remainder when 439074535 is divided by 1543.
1541
Calculate the remainder when 48422850 is divided by 267.
264
What is the remainder when 429988 is divided by 3256?
196
Calculate the remainder when 76119 is divided by 1072.
7
Calculate the remainder when 119778 is divided by 998.
18
Calculate the remainder when 955646 is divided by 955625.
21
What is the remainder when 266631 is divided by 200?
31
Calculate the remainder when 114293104 is divided by 27.
25
What is the remainder when 1072858 is divided by 40?
18
Calculate the remainder when 54632059 is divided by 3925.
3909
What is the remainder when 11260291 is divided by 1592?
75
Calculate the remainder when 6218391 is divided by 1554590.
31
What is the remainder when 1250431 is divided by 46312?
7
What is the remainder when 2323728 is divided by 18441?
162
Calculate the remainder when 63039295 is divided by 16.
15
Calculate the remainder when 57016084 is divided by 5183270.
114
What is the remainder when 16559484 is divided by 1891?
1888
Calculate the remainder when 1388402 is divided by 605.
532
Calculate the remainder when 16122198 is divided by 40.
38
What is the remainder when 46139 is divided by 21?
2
What is the remainder when 58336262 is divided by 655?
652
Calculate the remainder when 223660 is divided by 74258.
886
Calculate the remainder when 54476 is divided by 905.
176
Calculate the remainder when 59212455 is divided by 61.
60
Calculate the remainder when 8008035 is divided by 64.
35
Calculate the remainder when 15741575 is divided by 1244.
1243
What is the remainder when 1130165 is divided by 565059?
47
Calculate the remainder when 109185 is divided by 36294.
303
What is the remainder when 467721 is divided by 233828?
65
What is the remainder when 5593 is divided by 11?
5
Calculate the remainder when 2707428 is divided by 18.
12
What is the remainder when 18258143 is divided by 480477?
17
Calculate the remainder when 688164 is divided by 47.
37
What is the remainder when 15501338 is divided by 198735?
8
What is the remainder when 733883 is divided by 26210?
3
Calculate the remainder when 3567937 is divided by 1842.
1825
What is the remainder when 204548 is divided by 360?
68
What is the remainder when 5846210 is divided by 6167?
6061
What is the remainder when 29511934 is divided by 53?
50
What is the remainder when 5703128 is divided by 1425777?
20
What is the remainder when 37759607 is divided by 124?
119
Calculate the remainder when 4110025 is divided by 8707.
321
Calculate the remainder when 8037188 is divided by 2678941.
365
Calculate the remainder when 11758687 is divided by 77871.
166
Calculate the remainder when 992626742 is divided by 11.
8
What is the remainder when 438293 is divided by 280?
93
What is the remainder when 83431973 is divided by 2?
1
What is the remainder when 2353441 is divided by 165?
46
Calculate the remainder when 3266184 is divided by 51841.
201
What is the remainder when 996920 is divided by 19?
9
Calculate the remainder when 851232 is divided by 14334.
5526
What is the remainder when 3353793 is divided by 209612?
1
Calculate the remainder when 497187269 is divided by 15.
14
What is the remainder when 5904735 is divided by 2214?
2211
Calculate the remainder when 371243 is divided by 297.
290
What is the remainder when 12549 is divided by 5519?
1511
What is the remainder when 424366593 is divided by 56148?
9
What is the remainder when 3085837 is divided by 110?
7
Calculate the remainder when 5498549 is divided by 938.
931
What is the remainder when 50173 is divided by 5538?
331
What is the remainder when 491194 is divided by 11675?
844
Calculate the remainder when 26588801 is divided by 298750.
51
Calculate the remainder when 10585749 is divided by 378053.
265
Calculate the remainder when 1780902 is divided by 254405.
67
What is the remainder when 51567 is divided by 17180?
27
Calculate the remainder when 447060 is divided by 2089.
14
Calculate the remainder when 4075168 is divided by 2330.
2328
Calculate the remainder when 219515 is divided by 17.
11
Calculate the remainder when 356331 is divided by 5316.
159
What is the remainder when 18902 is divided by 12002?
6900
What is the remainder when 1558460 is divided by 1882?
164
Calculate the remainder when 1158925 is divided by 115871.
215
Calculate the remainder when 830504 is divided by 138414.
20
Calculate the remainder when 52491 is divided by 65.
36
What is the remainder when 1890799 is divided by 10276?
15
Calculate the remainder when 29619384 is divided by 227.
197
Calculate the remainder when 363289 is divided by 1168.
41
What is the remainder when 1029206 is divided by 25729?
46
What is the remainder when 2745420 is divided by 274542?
0
What is the remainder when 2584254 is divided by 516840?
54
Calculate the remainder when 38649573 is divided by 11805.
3
Calculate the remainder when 1513890 is divided by 378450.
90
Calculate the remainder when 3435688 is divided by 450.
388
Calculate the remainder when 10943596 is divided by 5471785.
26
What is the remainder when 2591218 is divided by 22338?
10
What is the remainder when 5890531 is divided by 736316?
3
What is the remainder when 1625983 is divided by 46?
21
Calculate the remainder when 9763630 is divided by 562.
4
Calculate the remainder when 473051 is divided by 17.
9
Calculate the remainder when 1241527 is divided by 103459.
19
What is the remainder when 10055993 is divided by 78?
77
Calculate the remainder when 376214 is divided by